2 = j*a. Is a prime?
False
Let d(c) = c + 11. Let m = -4 - 2. Let w be d(m). Suppose -w*t + 4752 = 1037. Is t a prime number?
True
Let c(n) = 2 - 4 + 11 - 181*n + 9. Is c(-7) prime?
False
Let g = -11 - -11. Let v(f) = 289 + f**3 - 2*f**3 - 21*f**2 - 12*f**2 + 34*f**2 + f. Is v(g) composite?
True
Is ((-16)/(-6))/8*3*815 a prime number?
False
Let q = 9676 + -4587. Is q a composite number?
True
Let p(n) = 38*n**2 - 4*n + 7. Suppose -20 = z + 2*z - 2*m, -3*z - 23 = -5*m. Is p(z) a composite number?
False
Suppose 4*p + 9628 = 4*q, 20*p - 20 = 15*p. Is q a composite number?
False
Let v(a) = -1322*a + 41. Is v(-10) a prime number?
False
Suppose 6*q + 9*q = 17205. Is q prime?
False
Let k = 302969 - 188266. Is k composite?
True
Let h be (1 + (-4)/8)*157400. Suppose 19*f - h = -f. Is f composite?
True
Let o(g) be the third derivative of 13*g**5/60 + g**4/4 - 7*g**3/6 - 10*g**2. Is o(6) a composite number?
True
Let d(g) = -162*g**3 - 3*g**2 + g + 3. Suppose 28 - 8 = -10*i. Is d(i) a composite number?
True
Let y(w) = w**2 - 5*w + 4. Let o(j) = 3*j**2 - j. Let v be o(-1). Let g be y(v). Suppose x + 29 - 157 = -s, -x + s + 118 = g. Is x composite?
True
Suppose 0 = -4*s + 10*s + 21228. Let p = 5255 + s. Is p prime?
False
Suppose 3*p - 4 = p. Let u be (3 - 2)*3 + p. Suppose -762 = u*w - 11*w. Is w prime?
True
Let t(k) = 16*k - 17*k + 53*k**3 - 1 - 5*k**3. Let z(w) = -w**2 + w + 1. Let p(x) = -t(x) + 2*z(x). Is p(-2) a composite number?
False
Let o = -127 + 132. Suppose 276 = 4*k - 5*f - 5196, -k = -o*f - 1383. Is k a prime number?
False
Let t(n) = -109*n - 2. Let k be t(-2). Let y = k - 72. Suppose 0 = w - z - 43, 3*w = -w - 3*z + y. Is w a prime number?
False
Is (-317843)/(-11) + -15*(-28)/2310 a prime number?
False
Let j(q) be the first derivative of -q**4 - 3*q**2/2 + 2*q - 4. Let z be j(2). Let v = z + 91. Is v prime?
False
Suppose 2*r - 2*c = 7322, -r + 333*c + 3665 = 330*c. Is r composite?
False
Let l = -73 - -124. Suppose -l*j + 54*j = 4791. Is j composite?
False
Let q be 18/90 - (-2 - 89/5). Is (2203/4)/((-15)/q - -1) composite?
False
Let p = 4 + 8. Let i be p/(-8)*(-2 - 0). Is 1/3*(114 - i) composite?
False
Let a(j) = 4*j - 3*j - 5 - 1 + 1 + 75*j**2. Is a(3) a prime number?
True
Let y be (-16)/(-56) - (-4140)/14. Suppose -10*a - y = -11*a. Suppose -4*k = -a - 1668. Is k a composite number?
False
Let c(p) = 2*p**2 - 5*p - 11. Let x be (-1 - (-52)/16)/(6/16). Is c(x) a composite number?
False
Suppose 0 = 2*h - 4*k - 154974, 39*k + 619911 = 8*h + 38*k. Is h composite?
False
Let q = 9134 + -2137. Is q prime?
True
Let i = 228 + 63. Is i prime?
False
Suppose 990 = 21*k - 1677. Is k prime?
True
Suppose -7*o - 1270 - 179 = 0. Let t = 4 - o. Is t prime?
True
Let u(b) = 11*b**2 + 19*b + 14 + 3*b**2 - 4 + 6*b**2. Is u(9) composite?
False
Let z(h) = 66*h - 16. Let i be z(12). Suppose 0 = -q - 3*p + i, -3*q - p = -13 - 2283. Suppose 4*o - q = -0*o. Is o composite?
False
Let w(t) = 2*t**3 + t**2 - 12*t - 29. Is w(12) prime?
False
Let u = 55520 - 39001. Is u a composite number?
False
Is 40/100 + 39483/5 a prime number?
False
Suppose 0 = -5*p - 425844 + 132054. Is p/9*(-12)/8 composite?
True
Let q(z) = z**3 + 7*z**2 + 22*z + 17. Is q(11) a prime number?
True
Let n(p) = 6*p**2 + 3. Let f be n(3). Suppose -3*g + f = -l, -3*g + 4*g - 5 = 5*l. Is (-1390)/(-18) + g/(-90) prime?
False
Suppose 0 = -4*f - 1 + 9. Suppose -4*k + 5128 = r, 5*k + 4*r - 6407 = f*r. Is k a composite number?
False
Suppose -3*y - 4*y = -14. Is -2*(y*1)/((-44)/6127) composite?
False
Let f = -25 - -37. Suppose 16*l - f*l - 12068 = 0. Is l a prime number?
False
Let g(d) = -d**3 + 4*d**2 - 4 + 3*d**2 - d**2. Let x(h) = 3*h + 12. Let k be x(-3). Is g(k) composite?
False
Let r be 1*8 + 4/(-1). Suppose -2*z = 10, -r*i + 5*z + 29463 - 3762 = 0. Suppose -6*h = h - i. Is h a prime number?
False
Suppose 2*d = 3*l - 2763, -2*d + 3*d = -4*l + 3673. Is l prime?
True
Suppose 0 = 7*m - 3*m + 3*d - 66424, d = 4. Is m a prime number?
True
Is (-33 + 19)*(-12494)/4 composite?
True
Is 7 - (32/4 + -36612) composite?
True
Let a be (-5)/14*2 - 2/7. Let q = 378 - a. Is q composite?
False
Suppose -7*x + 24 = -x. Suppose 0 = 2*f - 2*l - l - 2080, -3*l = x*f - 4178. Is f a prime number?
False
Let j(n) = -19*n + 21. Let l(s) = s - 1. Let b be (-26)/(-4) + 6/(-12). Let q(o) = b*l(o) + j(o). Is q(-11) a composite number?
True
Suppose 0 = -4*s + 2*d + 35434, 5*s + 16*d - 12*d = 44299. Is s composite?
True
Suppose 3*w - 16210 = -2*w - 3*j, -3*w + 3*j + 9702 = 0. Is w prime?
False
Suppose 0 = -4*g - 20, -3*g - 9814 = u - 35486. Is u composite?
True
Let f(x) = -7 + 30*x**2 - 2 - x**3 - 14*x - 14*x**2. Let g be f(15). Suppose -2*i - 748 = -g*i. Is i a composite number?
True
Suppose 4*h + 689 = l, 0 = -2*l + 8*h - 6*h + 1354. Is l prime?
True
Suppose 45*d - 24305 = 44*d. Is d prime?
False
Suppose 0 = 45*y + 2077 - 35512. Is y a composite number?
False
Let l(c) = -c**3 + 26*c**2 + 14*c - 20. Is l(23) a prime number?
True
Suppose 10*y = 26*y - 133552. Is y prime?
False
Suppose -10*a - 10253 = -693. Let x = -649 - a. Is x composite?
False
Suppose 16*m + 7 = 17*m. Is m/(63/(-1257))*(-3 + 0) a prime number?
True
Suppose v + 15 = -r, 0 = 5*r - v - v + 40. Let t be (-5338)/6 + r/(-15). Let i = -548 - t. Is i prime?
False
Let d be (-1686)/(-9) - 6/18. Suppose -d - 399 = -g. Is g composite?
True
Suppose 0 = -24*p + 163440 + 166152. Is p prime?
False
Suppose 0 = 6*w - 180 - 162. Suppose 0 = r - 7*a + 3*a - 19, 3*a - w = -4*r. Is (r/(-30))/((-1)/142) composite?
False
Let s be 1 - -15*(-152)/12. Let l be s/2*(-396)/27. Suppose l = 2*z + 3*t - 410, 2*z - t - 1788 = 0. Is z composite?
True
Suppose 0 = 2*c + 3*y - 3651, 41*y = -c + 36*y + 1836. Is c composite?
True
Let l be (-42)/(-10) + 1 + (-1)/5. Suppose -2*m - l*g = -330, -2*m + 0*g = -5*g - 290. Is m prime?
False
Suppose 3867 = -35*z + 16852. Is z a composite number?
True
Let v = -6 - -8. Suppose -2052 = v*w - 6*w. Suppose -5*s - 715 = -5*h, 5*h - 202 - w = -2*s. Is h composite?
True
Suppose -4*g - 4*r = -3704, 0*g + 5*g + r = 4642. Let v(b) = -95*b + 203. Let k be v(-17). Let h = k - g. Is h a composite number?
True
Let t(j) = 30*j**2 - 6*j + 7. Let q be t(-5). Suppose 24*n = 18*n + 18. Suppose -465 = -n*h - 3*i, 5*h - q = -0*h - 2*i. Is h a prime number?
False
Let m = -3 + 5. Suppose -d = m*b, d + b = -d + 3. Is (3 - d) + (-1 - -127) prime?
True
Let q(s) = -4 + 2 + 5*s**2 + 4*s**2. Suppose -3 = -p - 6. Is q(p) a prime number?
True
Suppose 2967 = 3*i - 3*n, 3*n = -4*i + 2*n + 3966. Suppose -4*b - i = -13723. Is b prime?
False
Let i(k) = 9871*k + 59. Is i(2) prime?
True
Let y = -13 + 12. Let m be 0*2/(-1 + y). Suppose 5*g - 3*t - 610 = m, -4*g - 2*t + 737 = 271. Is g prime?
False
Let f = -219 - -368. Is 4*(f/(-4))/(-1) a composite number?
False
Let l = 181 - 126. Suppose -6 = o - 8. Suppose 316 = 2*w + o*d, 0 = -w - 5*d + l + 91. Is w prime?
False
Suppose -13 = 3*x + 2*i, 5*x - i = -0*i. Is (-1 + -540)*x - (-1 - -1) prime?
True
Let y(w) = w**2 + w + 2. Let x be y(-1). Suppose 0 = 3*m + x*m - 2*j - 73, 2*m + 2*j - 18 = 0. Is m a composite number?
False
Suppose 286*z - 284*z - 168430 = 0. Is z a prime number?
False
Suppose -3*i + 0*i + 6549 = 0. Is i composite?
True
Is 4559*(3 - (12/2 - 4)) composite?
True
Suppose 0 = -2*a - 3*i + 161071, 4*a - 246885 = 3*i + 75230. Is a prime?
False
Let q be (-5)/(-2)*(91/(-35) - -1). Is (0 + 6/(-9))/(q/2922) composite?
False
Let m = 14 - 14. Suppose m = 5*j - 3*j - 2596. Suppose r + 2*s = 203, -5*r + j = -5*s + 223. Is r composite?
False
Let k be 5 + (-1 - (-4)/(-2)). Let l be (0 + 6)*(-2)/(-4). Suppose -35 = -k*s - l*s. Is s a prime number?
True
Let m = 166 - 101. Let q = m - 35. Suppose q*a - 29*a = 373. Is a composite?
False
Let q be (-7)/6*-2 - 2/6. Is (-3 - q)/((-1)/367) prime?
False
Let y(m) = 3678*m - 97. Is y(5) prime?
False
Let k = 115 + 1470. Is k a prime number?
False
Let w = -33 + 35. Let i(b) = 14 + 3*b**w + 4 - 10*b - 36. Is i(17) a prime number?
False
Let i(f) = -2*f - 7. Suppose 0*v - 3*v - 3*r = 9, -r - 3 = 4*v. Let a = v + -10. Is i(a) a prime number?
True
Let t = 14 - -24. Suppose 2*n + 0*d + d = 54, 2*n = -5*d + t. Let w = n - -24. Is w prime?
True
Suppose 0 = -4*p - 5557 + 2057. Is (-20)/90 + p/(-9) composite?
False
Is (-93321)/12*(-36